- -3. Let i be (-7)/q*(-8)/(-4). List the prime factors of k(i).
7
Let j(n) = n**3 - n + 1. Suppose 7 - 1 = -3*o. Let g be j(o). List the prime factors of 7 - -1 - (2 + g).
11
Let k(x) = -17*x + 5 - 3 - 1. Let y be k(-1). List the prime factors of (-2 + 4)/(4/y).
3
Let x(s) = -2*s - 10. Let c be x(-7). Suppose 2*b - 6 = c*y - 0*y, 5*b + 4*y = 43. List the prime factors of b.
7
Let l(x) = x**3 + 4*x**2 + x - 2. Let c be l(-3). Suppose -s + 35 = c*s. List the prime factors of s.
7
Suppose 0 = -0*z - 4*z - 64. Let n = z + -5. List the prime factors of ((-44)/(-6))/((-14)/n).
11
Let v = -4 + 7. Suppose 7*o = v*o + 48. What are the prime factors of (2 - -1)/(o/8)?
2
Let p be 0 + 0 - 0/(-1). Suppose 0 = -p*f - 4*f + 8. Suppose -3*m + 35 = w, 0*m - 4*w = f*m - 20. What are the prime factors of m?
2, 3
Let c = -13 + 23. Let d = c + -1. What are the prime factors of d?
3
Suppose k - 2*d - 9 = 0, 5*d = k - 6 - 15. Let a = k - 1. List the prime factors of 0 + 6 + 2 + a.
2
Let a = 171 - 90. What are the prime factors of a?
3
List the prime factors of 3/(6/2) + 17.
2, 3
What are the prime factors of 362/9 - (1 - (-42)/(-54))?
2, 5
List the prime factors of ((-3)/(-4 - 2))/(6/1152).
2, 3
Let t(j) = j**3 + 7*j**2 - 7*j + 6. Let b be t(-6). Suppose -26 = -5*o + b. List the prime factors of o.
2, 11
Suppose -3*w - 194 = -6*w - 4*s, 0 = -2*w + 2*s + 106. Suppose v = -v + w. List the prime factors of v.
29
Let i(x) = -x**2 - 8*x - 4. Suppose 0 = y - 0*y + 4. What are the prime factors of i(y)?
2, 3
Let v = -11 + 7. Let a = 6 + v. Suppose -30 = -2*c - a. List the prime factors of c.
2, 7
List the prime factors of (5/(-10))/(2/(-72)).
2, 3
Let q = -1 - 5. Suppose 0 = -5*m + 10, 0*i - 3*m = -2*i. Let x = i - q. What are the prime factors of x?
3
Suppose -2*q + 157 + 47 = 5*n, q = -4*n + 162. Suppose -2*b - 2*z + 8 = -18, -z + n = 4*b. Let j = b - -1. What are the prime factors of j?
2, 5
Let w(r) = -13*r**3 - r. Let o be w(-1). Suppose o - 2 = t. List the prime factors of t.
2, 3
List the prime factors of (5 + -4 + 1)*10.
2, 5
Let x(g) be the second derivative of g**5/20 - 5*g**4/12 - 5*g**3/3 - 3*g**2/2 + g. List the prime factors of x(7).
5
Let d(m) = -m**3 - 6*m**2 - 10. Let p be (-2 - 3) + 4 - 6. What are the prime factors of d(p)?
3, 13
Let j(r) = 2*r + 1. Let x = -5 - -10. What are the prime factors of j(x)?
11
Suppose -2*d - 9 = d. Let o be (-1)/(-2*d/(-60)). Let b = o - -6. List the prime factors of b.
2
Let q(m) = -m + 7. Let x be q(6). Suppose 0 = -2*i + 11 - x. Suppose -v - 17 = -i*s, 0 = -2*s - v - 2*v. List the prime factors of s.
3
Suppose -9*u = -14*u + 470. List the prime factors of u.
2, 47
Suppose -75 = -4*f + 61. Let m = f - 18. List the prime factors of m.
2
Suppose 5*a + 14 + 111 = 0. Let d = 14 + a. Let m = d - -15. What are the prime factors of m?
2
Suppose 2*u - 72 = 32. What are the prime factors of u?
2, 13
Let x(o) = -11*o - 4. Let q be x(3). Let n(j) = j**3 + 3*j**2 + 2*j + 2. Let r be n(-4). Let t = r - q. List the prime factors of t.
3, 5
Let x(q) = q. Let t be x(7). What are the prime factors of 65/t + (-10)/35?
3
Let k = 139 + -97. What are the prime factors of k?
2, 3, 7
Let m = 11 - 8. Suppose -2*n - 35 = -3*p, -m*n - 11 = 1. Suppose -15 = -4*b + p. List the prime factors of b.
2, 3
Suppose -3*f = -5*f + 54. What are the prime factors of f?
3
Suppose 0 = -m + 5*l + 40, 3*m - m = 5*l + 55. Suppose -3*o - 6 = 5*g - m, 13 = 5*g + o. What are the prime factors of g?
3
Let v = -9 + 43. What are the prime factors of v?
2, 17
Suppose 3*l + 2*r = -2*r + 22, 0 = -2*l + 5*r - 16. Let n(m) = -2*m**2 + m**3 - 30 + 32 - 2*m + 4*m. What are the prime factors of n(l)?
2, 3
Let h(m) = 4*m + 6. What are the prime factors of h(14)?
2, 31
Suppose 0 = 2*j - 5*l + 79 + 62, -3*j = 5*l + 249. Let g = j - -115. What are the prime factors of g?
37
Suppose 6 = -4*w + 2. Suppose -4*f = f - 5. Let b = f - w. What are the prime factors of b?
2
Let n be (1 + 0)/2*10. Let h = n + 15. List the prime factors of h.
2, 5
Suppose 0 = 5*z - 3*i - 16, -6 = 3*i - 0. Let y be -1 + 0 + 29 + z. Let l = y + -21. List the prime factors of l.
3
Let r = 121 + -1. What are the prime factors of r?
2, 3, 5
Let c be ((-20)/6)/(-5)*327. Suppose 2*j + 0*j = -5*d + 94, -4*j + c = -5*d. List the prime factors of j.
2, 13
Let q(h) be the first derivative of h**4/4 + 11*h**3/3 - 7*h**2 - 11*h - 1. Let l be q(-12). Let w = 26 - l. List the prime factors of w.
13
Suppose -w + 3*w = 10. Suppose w*x - 23 = 42. What are the prime factors of x?
13
Let n(p) = 3*p - p**2 + 0*p**3 + 2*p**3 + 0 - p**3 - 2. What are the prime factors of n(2)?
2
Let v(s) = -6*s**3 + s**2 - s. Let l be v(1). Let a(r) = r**3 + 6*r**2 - r + 4. List the prime factors of a(l).
2, 5
Suppose 2*g - 10 = -5*l + 14, 3*l + 2*g - 16 = 0. Suppose -l*q + 22 = -2*q. List the prime factors of q.
11
Let t(p) = 5*p**2 - 6*p - 5. What are the prime factors of t(-3)?
2, 29
Let i = 3 + -21. What are the prime factors of (-4)/i + (-204)/(-54)?
2
Suppose 0 = 5*j + 3*o - 62 - 10, j + 2*o - 20 = 0. What are the prime factors of j?
2, 3
Suppose -12 = p - 4*p. Suppose -p*h = -29 - 119. List the prime factors of h.
37
Suppose -3*w - t + 182 = 0, 4*w + 3*t - 248 = -t. What are the prime factors of w?
2, 3, 5
Suppose 2*q = 6*q - 248. Let a = q - 43. What are the prime factors of a?
19
Let i(y) be the first derivative of -y**2/2 - 2*y - 2. Suppose 4*n + 17 = -4*q - 47, -2*q - 10 = 0. List the prime factors of i(n).
3
Let j = -20 - -25. Suppose i - 7 = -w + 34, j*w - 5*i - 195 = 0. List the prime factors of w.
2, 5
Suppose 0 = g - 5*g + 3*t + 252, -3*t - 54 = -g. What are the prime factors of g?
2, 3, 11
Suppose 4*v + 0*v = 200. What are the prime factors of v?
2, 5
Let m = 49 + -28. List the prime factors of m.
3, 7
Suppose 0 = -4*l + 8*l - 148. What are the prime factors of l?
37
Suppose 4*v = -2*k + 14, 2*v + 3 = -5*k - 2. Suppose -168 = -v*t - 38. What are the prime factors of t?
2, 13
Suppose -t = t - 5*q - 115, 0 = 2*t - q - 111. List the prime factors of t.
5, 11
Suppose 2*p = -2*b + 178, 2*b = 2*p + 6*b - 184. List the prime factors of p.
2, 43
Suppose b - 1 = 2*f, -5*b + 6 + 7 = -2*f. Suppose m - 3*k - 24 = 0, 0 = -4*m + 7*k - b*k + 56. What are the prime factors of m?
3
Let d = 7 - 13. Let v be 0*(5 + -2)/d. List the prime factors of (v - 1) + 24/6.
3
Let g = 48 + 125. What are the prime factors of g?
173
Let i = 6 - 7. List the prime factors of (-3)/6*24*i.
2, 3
Let s(b) = b + 5. Let y be s(0). Suppose y*t = -2*u + 45, 0 = 5*u + 2*t - 5*t - 35. List the prime factors of u.
2, 5
Let s(f) be the second derivative of 4*f**3/3 - 13*f**2/2 - 7*f. What are the prime factors of s(7)?
43
What are the prime factors of 193/5 - (-18)/45?
3, 13
Suppose -10 = 3*v - 40. What are the prime factors of v?
2, 5
Suppose -4*g = -8*g + 92. List the prime factors of g.
23
Suppose -3*k - 2*k = 5, 5*i = -k - 1. Let x = -1 - i. Let z = x - -12. What are the prime factors of z?
11
Suppose -27 = -5*y + 23. Suppose y*u - 92 = 6*u. What are the prime factors of u?
23
List the prime factors of (-601)/(-9) - 2/(-9).
67
Let b(x) = -x**3 - 3*x**2 + 3*x - 6. What are the prime factors of b(-5)?
29
List the prime factors of (-19)/11*-41 + 2/11.
71
Let x = 4 + -2. Suppose 4*s - 7*j - 45 = -x*j, 4*s + 2*j = 10. Suppose -9 = 3*a, -2*c = a - s*a - 44. List the prime factors of c.
2
Suppose -64 = -5*x - 0*f + 4*f, -3*x = f - 35. List the prime factors of x.
2, 3
What are the prime factors of 206 - (48/26 - (-4)/26)?
2, 3, 17
Suppose -6 = -z - z. Suppose o + g = -o - 3, -o = -z*g - 9. Let x = 11 + o. What are the prime factors of x?
11
Suppose -2*d + 5*d = -12. Let a = d + -1. Let y(h) = -h**3 - 4*h**2 + 4*h + 1. List the prime factors of y(a).
2, 3
Suppose g = -5*g + 600. What are the prime factors of g?
2, 5
Suppose 0 = -3*u - u + 8. Let g = 35 - u. List the prime factors of g.
3, 11
Suppose 7 = -4*k - 45. Let r = k - -31. List the prime factors of r.
2, 3
Let f be (3/(-2) - -1)*0. Suppose 0 = 3*a + u - 4, 7*a - 4*u - 16 = 3*a. Suppose 4*k - b = 35, f*k + k - 14 = a*b. List the prime factors of k.
2
Suppose 2*n = 5 + 1. Suppose -n*l = 26 - 134. What are the prime factors of l?
2, 3
Let r be 1/(-3 - 39/(-12)). List the prime factors of ((-48)/(-40))/(r/70).
3, 7
Suppose